{"id":21642,"date":"2021-03-25T13:01:14","date_gmt":"2021-03-25T12:01:14","guid":{"rendered":"http:\/\/hyi1.ad-passion.it\/immobili\/negozio-in-vendita-a-brugherio-2\/"},"modified":"2021-06-17T09:23:22","modified_gmt":"2021-06-17T07:23:22","slug":"buero-zu-verkaufen-in-brugherio","status":"publish","type":"property","link":"https:\/\/www.hypoimmobili.it\/de\/immobili\/buero-zu-verkaufen-in-brugherio\/","title":{"rendered":"B\u00fcro zu verkaufen in Brugherio (MB)"},"content":{"rendered":"<p>[vc_row][vc_column][vc_column_text]Negozio con ca. mq.166 posto al 1\u00b0 piano nel Centro Commerciale Kennedy<\/p>\n<p>4 posti auto nel parcheggio sotterraneo<\/p>\n<p>&nbsp;<\/p>\n<p>Comune di Brugherio, foglio 35, particella 4, sub. 29, 107, 108, 109 e 110[\/vc_column_text][\/vc_column][\/vc_row][vc_row el_class=&#8220;hyi_property_block&#8220;][vc_column width=&#8220;3\/4&#8243;][vc_column_text el_class=&#8220;hyi_property_title&#8220;]<a href=\"https:\/\/www.hypoimmobili.it\/wp-content\/uploads\/2021\/03\/catasto-dei-fabbricati-planimetria-Negozio-in-vendita-Brugherio-1.pdf\" class=\"pdfemb-viewer\" style=\"\" data-width=\"max\" data-height=\"max\" data-mobile-width=\"500\"  data-scrollbar=\"none\" data-download=\"on\" data-tracking=\"on\" data-newwindow=\"on\" data-pagetextbox=\"off\" data-scrolltotop=\"off\" data-startzoom=\"100\" data-startfpzoom=\"100\" data-toolbar=\"bottom\" data-toolbar-fixed=\"off\">catasto-dei-fabbricati-planimetria-Negozio-in-vendita-Brugherio<br\/><\/a>[\/vc_column_text][\/vc_column][vc_column width=&#8220;1\/4&#8243;][\/vc_column][\/vc_row]<\/p>\n","protected":false},"excerpt":{"rendered":"<p>[vc_row][vc_column][vc_column_text]Negozio con ca. mq.166 posto al 1\u00b0 piano nel Centro Commerciale Kennedy 4 posti auto nel parcheggio sotterraneo &nbsp; Comune di Brugherio, foglio 35, particella 4, sub. 29, 107, 108, 109 e 110[\/vc_column_text][\/vc_column][\/vc_row][vc_row el_class=&#8220;hyi_property_block&#8220;][vc_column width=&#8220;3\/4&#8243;][vc_column_text el_class=&#8220;hyi_property_title&#8220;][\/vc_column_text][\/vc_column][vc_column width=&#8220;1\/4&#8243;][\/vc_column][\/vc_row]<\/p>\n","protected":false},"author":2,"featured_media":20910,"parent":0,"menu_order":0,"template":"","property_type":[147],"property_status":[149],"property_feature":[],"property_label":[],"property_country":[],"property_state":[195],"property_city":[354],"property_area":[344],"property_meta":{"_wpml_word_count":["{\"total\":0,\"to_translate\":{\"de\":55,\"it\":55}}"],"_wpml_media_featured":["1"],"_wpml_media_duplicate":["1"],"_yoast_wpseo_content_score":["60"],"_yoast_wpseo_estimated-reading-time-minutes":["1"],"fave_property_map":["1"],"fave_property_map_address":["Via J. e R. Kennedy, 28"],"fave_property_location":["45.5460864,9.2979572,15"],"houzez_geolocation_lat":["45.5460864"],"houzez_geolocation_long":["9.2979572"],"fave_property_map_street_view":["hide"],"fave_property_address":["Via Kennedy 28"],"fave_property_zip":["28061"],"fave_featured":["0"],"fave_loggedintoview":["0"],"fave_agent_display_option":["agency_info"],"fave_agents":["-1"],"fave_energy_class":["ND"],"fave_single_top_area":["global"],"fave_single_content_area":["global"],"_yoast_wpseo_primary_property_type":["117"],"_yoast_wpseo_primary_property_status":["30"],"_yoast_wpseo_primary_property_state":["103"],"_yoast_wpseo_primary_property_city":["308"],"_yoast_wpseo_primary_property_area":["219"],"houzez_manual_expire":["0"],"_houzez_expiration_date_status":["saved"],"houzez_total_property_views":["294"],"houzez_views_by_date":["a:61:{s:10:\"06-19-2025\";i:1;s:10:\"06-23-2025\";i:1;s:10:\"06-24-2025\";i:1;s:10:\"06-25-2025\";i:2;s:10:\"07-03-2025\";i:1;s:10:\"07-04-2025\";i:1;s:10:\"07-12-2025\";i:1;s:10:\"07-13-2025\";i:1;s:10:\"07-15-2025\";i:1;s:10:\"07-18-2025\";i:2;s:10:\"07-28-2025\";i:1;s:10:\"08-02-2025\";i:1;s:10:\"08-12-2025\";i:1;s:10:\"08-15-2025\";i:1;s:10:\"08-19-2025\";i:1;s:10:\"08-27-2025\";i:1;s:10:\"08-31-2025\";i:1;s:10:\"09-05-2025\";i:1;s:10:\"09-09-2025\";i:1;s:10:\"09-11-2025\";i:1;s:10:\"09-19-2025\";i:1;s:10:\"09-24-2025\";i:1;s:10:\"09-27-2025\";i:1;s:10:\"09-29-2025\";i:2;s:10:\"10-02-2025\";i:2;s:10:\"10-05-2025\";i:2;s:10:\"10-06-2025\";i:1;s:10:\"10-14-2025\";i:1;s:10:\"10-15-2025\";i:1;s:10:\"10-22-2025\";i:1;s:10:\"10-24-2025\";i:2;s:10:\"10-31-2025\";i:2;s:10:\"11-08-2025\";i:1;s:10:\"11-09-2025\";i:6;s:10:\"11-15-2025\";i:1;s:10:\"11-18-2025\";i:1;s:10:\"11-20-2025\";i:1;s:10:\"11-29-2025\";i:1;s:10:\"12-01-2025\";i:2;s:10:\"12-05-2025\";i:1;s:10:\"12-06-2025\";i:1;s:10:\"12-09-2025\";i:1;s:10:\"12-10-2025\";i:1;s:10:\"12-19-2025\";i:1;s:10:\"01-08-2026\";i:1;s:10:\"01-13-2026\";i:2;s:10:\"01-15-2026\";i:1;s:10:\"01-22-2026\";i:1;s:10:\"01-24-2026\";i:1;s:10:\"01-30-2026\";i:1;s:10:\"02-12-2026\";i:1;s:10:\"02-18-2026\";i:1;s:10:\"03-02-2026\";i:1;s:10:\"03-25-2026\";i:1;s:10:\"04-16-2026\";i:1;s:10:\"04-19-2026\";i:1;s:10:\"04-20-2026\";i:2;s:10:\"04-21-2026\";i:1;s:10:\"04-26-2026\";i:1;s:10:\"05-02-2026\";i:2;s:10:\"05-03-2026\";i:3;}"],"houzez_recently_viewed":["2026-05-03 16:45:22"],"essb_post_og_desc":["Hypo Vorarlberg Immo Italia verkauft B\u00fcro in Brugherio"],"essb_post_og_title":["B\u00fcro zu verkaufen in Brugherio"],"_yoast_wpseo_metadesc":["Hypo Vorarlberg Immo Italia verkauft B\u00fcro in Brugherio"],"_thumbnail_id":["20910"],"_edit_lock":["1623914467:2"],"essb_cached_image":["https:\/\/www.hypoimmobili.it\/wp-content\/uploads\/2021\/03\/Negozio-in-vendita-Brugherio-MB-Lombardia-Hypo-Vorarlberg-Immo-Italia-dettaglio-rotated.jpg"],"_edit_last":["2"],"rs_page_bg_color":[""],"_wpb_vc_js_status":["true"],"_alp_processed":["1623914602"],"_last_translation_edit_mode":["native-editor"],"fave_property_images":["20907","20909","20911","20913","20915"],"_wpml_media_has_media":["1"],"fave_property_agency":["2788"],"fave_prop_homeslider":["no"]},"yoast_head":"<!-- This site is optimized with the Yoast SEO plugin v16.2 - https:\/\/yoast.com\/wordpress\/plugins\/seo\/ -->\n<title>B\u00fcro zu verkaufen in Brugherio (MB)<\/title>\n<meta name=\"description\" content=\"Hypo Vorarlberg Immo Italia verkauft B\u00fcro in Brugherio\" \/>\n<meta name=\"robots\" content=\"index, follow, max-snippet:-1, max-image-preview:large, max-video-preview:-1\" \/>\n<link rel=\"canonical\" href=\"https:\/\/www.hypoimmobili.it\/de\/immobili\/buero-zu-verkaufen-in-brugherio\/\" \/>\n<meta name=\"twitter:label1\" content=\"Gesch\u00e4tzte Lesezeit\">\n\t<meta name=\"twitter:data1\" content=\"1\u00a0Minute\">\n<script type=\"application\/ld+json\" class=\"yoast-schema-graph\">{\"@context\":\"https:\/\/schema.org\",\"@graph\":[{\"@type\":\"Organization\",\"@id\":\"https:\/\/www.hypoimmobili.it\/#organization\",\"name\":\"Hypo Vorarlberg Immo Italia\",\"url\":\"https:\/\/www.hypoimmobili.it\/\",\"sameAs\":[\"https:\/\/www.facebook.com\/Hypo-Vorarlberg-Immo-Italia-Srl-581242719214415\",\"https:\/\/www.instagram.com\/hypovorarlbergimmo\/\"],\"logo\":{\"@type\":\"ImageObject\",\"@id\":\"https:\/\/www.hypoimmobili.it\/#logo\",\"inLanguage\":\"de\",\"url\":\"https:\/\/www.hypoimmobili.it\/wp-content\/uploads\/2020\/12\/hypo-vorarlberg-immo-italia-logo-retina.png\",\"contentUrl\":\"https:\/\/www.hypoimmobili.it\/wp-content\/uploads\/2020\/12\/hypo-vorarlberg-immo-italia-logo-retina.png\",\"width\":416,\"height\":240,\"caption\":\"Hypo Vorarlberg Immo Italia\"},\"image\":{\"@id\":\"https:\/\/www.hypoimmobili.it\/#logo\"}},{\"@type\":\"WebSite\",\"@id\":\"https:\/\/www.hypoimmobili.it\/#website\",\"url\":\"https:\/\/www.hypoimmobili.it\/\",\"name\":\"Hypo Vorarlberg Immo Italia\",\"description\":\"\",\"publisher\":{\"@id\":\"https:\/\/www.hypoimmobili.it\/#organization\"},\"potentialAction\":[{\"@type\":\"SearchAction\",\"target\":\"https:\/\/www.hypoimmobili.it\/?s={search_term_string}\",\"query-input\":\"required name=search_term_string\"}],\"inLanguage\":\"de\"},{\"@type\":\"ImageObject\",\"@id\":\"https:\/\/www.hypoimmobili.it\/de\/immobili\/buero-zu-verkaufen-in-brugherio\/#primaryimage\",\"inLanguage\":\"de\",\"url\":\"https:\/\/www.hypoimmobili.it\/wp-content\/uploads\/2021\/03\/Negozio-in-vendita-Brugherio-MB-Lombardia-Hypo-Vorarlberg-Immo-Italia-dettaglio-rotated.jpg\",\"contentUrl\":\"https:\/\/www.hypoimmobili.it\/wp-content\/uploads\/2021\/03\/Negozio-in-vendita-Brugherio-MB-Lombardia-Hypo-Vorarlberg-Immo-Italia-dettaglio-rotated.jpg\",\"width\":768,\"height\":1024},{\"@type\":\"WebPage\",\"@id\":\"https:\/\/www.hypoimmobili.it\/de\/immobili\/buero-zu-verkaufen-in-brugherio\/#webpage\",\"url\":\"https:\/\/www.hypoimmobili.it\/de\/immobili\/buero-zu-verkaufen-in-brugherio\/\",\"name\":\"B\\u00fcro zu verkaufen in Brugherio (MB)\",\"isPartOf\":{\"@id\":\"https:\/\/www.hypoimmobili.it\/#website\"},\"primaryImageOfPage\":{\"@id\":\"https:\/\/www.hypoimmobili.it\/de\/immobili\/buero-zu-verkaufen-in-brugherio\/#primaryimage\"},\"datePublished\":\"2021-03-25T12:01:14+00:00\",\"dateModified\":\"2021-06-17T07:23:22+00:00\",\"description\":\"Hypo Vorarlberg Immo Italia verkauft B\\u00fcro in Brugherio\",\"breadcrumb\":{\"@id\":\"https:\/\/www.hypoimmobili.it\/de\/immobili\/buero-zu-verkaufen-in-brugherio\/#breadcrumb\"},\"inLanguage\":\"de\",\"potentialAction\":[{\"@type\":\"ReadAction\",\"target\":[\"https:\/\/www.hypoimmobili.it\/de\/immobili\/buero-zu-verkaufen-in-brugherio\/\"]}]},{\"@type\":\"BreadcrumbList\",\"@id\":\"https:\/\/www.hypoimmobili.it\/de\/immobili\/buero-zu-verkaufen-in-brugherio\/#breadcrumb\",\"itemListElement\":[{\"@type\":\"ListItem\",\"position\":1,\"item\":{\"@type\":\"WebPage\",\"@id\":\"https:\/\/www.hypoimmobili.it\/de\/\",\"url\":\"https:\/\/www.hypoimmobili.it\/de\/\",\"name\":\"Home\"}},{\"@type\":\"ListItem\",\"position\":2,\"item\":{\"@type\":\"WebPage\",\"@id\":\"https:\/\/www.hypoimmobili.it\/de\/immobili\/\",\"url\":\"https:\/\/www.hypoimmobili.it\/de\/immobili\/\",\"name\":\"Immobilien\"}},{\"@type\":\"ListItem\",\"position\":3,\"item\":{\"@id\":\"https:\/\/www.hypoimmobili.it\/de\/immobili\/buero-zu-verkaufen-in-brugherio\/#webpage\"}}]}]}<\/script>\n<!-- \/ Yoast SEO plugin. -->","_links":{"self":[{"href":"https:\/\/www.hypoimmobili.it\/de\/wp-json\/wp\/v2\/immobilien\/21642"}],"collection":[{"href":"https:\/\/www.hypoimmobili.it\/de\/wp-json\/wp\/v2\/immobilien"}],"about":[{"href":"https:\/\/www.hypoimmobili.it\/de\/wp-json\/wp\/v2\/types\/property"}],"author":[{"embeddable":true,"href":"https:\/\/www.hypoimmobili.it\/de\/wp-json\/wp\/v2\/users\/2"}],"version-history":[{"count":3,"href":"https:\/\/www.hypoimmobili.it\/de\/wp-json\/wp\/v2\/immobilien\/21642\/revisions"}],"predecessor-version":[{"id":22720,"href":"https:\/\/www.hypoimmobili.it\/de\/wp-json\/wp\/v2\/immobilien\/21642\/revisions\/22720"}],"wp:featuredmedia":[{"embeddable":true,"href":"https:\/\/www.hypoimmobili.it\/de\/wp-json\/wp\/v2\/media\/20910"}],"wp:attachment":[{"href":"https:\/\/www.hypoimmobili.it\/de\/wp-json\/wp\/v2\/media?parent=21642"}],"wp:term":[{"taxonomy":"property_type","embeddable":true,"href":"https:\/\/www.hypoimmobili.it\/de\/wp-json\/wp\/v2\/property_type?post=21642"},{"taxonomy":"property_status","embeddable":true,"href":"https:\/\/www.hypoimmobili.it\/de\/wp-json\/wp\/v2\/property_status?post=21642"},{"taxonomy":"property_feature","embeddable":true,"href":"https:\/\/www.hypoimmobili.it\/de\/wp-json\/wp\/v2\/property_feature?post=21642"},{"taxonomy":"property_label","embeddable":true,"href":"https:\/\/www.hypoimmobili.it\/de\/wp-json\/wp\/v2\/property_label?post=21642"},{"taxonomy":"property_country","embeddable":true,"href":"https:\/\/www.hypoimmobili.it\/de\/wp-json\/wp\/v2\/property_country?post=21642"},{"taxonomy":"property_state","embeddable":true,"href":"https:\/\/www.hypoimmobili.it\/de\/wp-json\/wp\/v2\/property_state?post=21642"},{"taxonomy":"property_city","embeddable":true,"href":"https:\/\/www.hypoimmobili.it\/de\/wp-json\/wp\/v2\/property_city?post=21642"},{"taxonomy":"property_area","embeddable":true,"href":"https:\/\/www.hypoimmobili.it\/de\/wp-json\/wp\/v2\/property_area?post=21642"}],"curies":[{"name":"wp","href":"https:\/\/api.w.org\/{rel}","templated":true}]}}

Büro zu verkaufen in Brugherio (MB)

Hypo Vorarlberg Immo Italia verkauft Büro in Brugherio

Büro zu verkaufen in Brugherio

<!-- This site is optimized with the Yoast SEO plugin v16.2 - https://yoast.com/wordpress/plugins/seo/ -->
<title>Büro zu verkaufen in Brugherio (MB)</title>
<meta name="description" content="Hypo Vorarlberg Immo Italia verkauft Büro in Brugherio" />
<meta name="robots" content="index, follow, max-snippet:-1, max-image-preview:large, max-video-preview:-1" />
<link rel="canonical" href="https://www.hypoimmobili.it/de/immobili/buero-zu-verkaufen-in-brugherio/" />
<meta name="twitter:label1" content="Geschätzte Lesezeit">
	<meta name="twitter:data1" content="1 Minute">
<script type="application/ld+json" class="yoast-schema-graph">{"@context":"https://schema.org","@graph":[{"@type":"Organization","@id":"https://www.hypoimmobili.it/#organization","name":"Hypo Vorarlberg Immo Italia","url":"https://www.hypoimmobili.it/","sameAs":["https://www.facebook.com/Hypo-Vorarlberg-Immo-Italia-Srl-581242719214415","https://www.instagram.com/hypovorarlbergimmo/"],"logo":{"@type":"ImageObject","@id":"https://www.hypoimmobili.it/#logo","inLanguage":"de","url":"https://www.hypoimmobili.it/wp-content/uploads/2020/12/hypo-vorarlberg-immo-italia-logo-retina.png","contentUrl":"https://www.hypoimmobili.it/wp-content/uploads/2020/12/hypo-vorarlberg-immo-italia-logo-retina.png","width":416,"height":240,"caption":"Hypo Vorarlberg Immo Italia"},"image":{"@id":"https://www.hypoimmobili.it/#logo"}},{"@type":"WebSite","@id":"https://www.hypoimmobili.it/#website","url":"https://www.hypoimmobili.it/","name":"Hypo Vorarlberg Immo Italia","description":"","publisher":{"@id":"https://www.hypoimmobili.it/#organization"},"potentialAction":[{"@type":"SearchAction","target":"https://www.hypoimmobili.it/?s={search_term_string}","query-input":"required name=search_term_string"}],"inLanguage":"de"},{"@type":"ImageObject","@id":"https://www.hypoimmobili.it/de/immobili/buero-zu-verkaufen-in-brugherio/#primaryimage","inLanguage":"de","url":"https://www.hypoimmobili.it/wp-content/uploads/2021/03/Negozio-in-vendita-Brugherio-MB-Lombardia-Hypo-Vorarlberg-Immo-Italia-dettaglio-rotated.jpg","contentUrl":"https://www.hypoimmobili.it/wp-content/uploads/2021/03/Negozio-in-vendita-Brugherio-MB-Lombardia-Hypo-Vorarlberg-Immo-Italia-dettaglio-rotated.jpg","width":768,"height":1024},{"@type":"WebPage","@id":"https://www.hypoimmobili.it/de/immobili/buero-zu-verkaufen-in-brugherio/#webpage","url":"https://www.hypoimmobili.it/de/immobili/buero-zu-verkaufen-in-brugherio/","name":"B\u00fcro zu verkaufen in Brugherio (MB)","isPartOf":{"@id":"https://www.hypoimmobili.it/#website"},"primaryImageOfPage":{"@id":"https://www.hypoimmobili.it/de/immobili/buero-zu-verkaufen-in-brugherio/#primaryimage"},"datePublished":"2021-03-25T12:01:14+00:00","dateModified":"2021-06-17T07:23:22+00:00","description":"Hypo Vorarlberg Immo Italia verkauft B\u00fcro in Brugherio","breadcrumb":{"@id":"https://www.hypoimmobili.it/de/immobili/buero-zu-verkaufen-in-brugherio/#breadcrumb"},"inLanguage":"de","potentialAction":[{"@type":"ReadAction","target":["https://www.hypoimmobili.it/de/immobili/buero-zu-verkaufen-in-brugherio/"]}]},{"@type":"BreadcrumbList","@id":"https://www.hypoimmobili.it/de/immobili/buero-zu-verkaufen-in-brugherio/#breadcrumb","itemListElement":[{"@type":"ListItem","position":1,"item":{"@type":"WebPage","@id":"https://www.hypoimmobili.it/de/","url":"https://www.hypoimmobili.it/de/","name":"Home"}},{"@type":"ListItem","position":2,"item":{"@type":"WebPage","@id":"https://www.hypoimmobili.it/de/immobili/","url":"https://www.hypoimmobili.it/de/immobili/","name":"Immobilien"}},{"@type":"ListItem","position":3,"item":{"@id":"https://www.hypoimmobili.it/de/immobili/buero-zu-verkaufen-in-brugherio/#webpage"}}]}]}</script>
<!-- / Yoast SEO plugin. -->
