{"id":22416,"date":"2021-01-19T12:58:12","date_gmt":"2021-01-19T11:58:12","guid":{"rendered":"https:\/\/www.hypoimmobili.it\/immobili\/capannone-in-vendita-a-tradate\/"},"modified":"2022-08-02T10:27:51","modified_gmt":"2022-08-02T08:27:51","slug":"industriehalle-zu-verkaufen-in-tradate-2","status":"publish","type":"property","link":"https:\/\/www.hypoimmobili.it\/de\/immobili\/industriehalle-zu-verkaufen-in-tradate-2\/","title":{"rendered":"Industriehalle zu verkaufen in Tradate (VA)"},"content":{"rendered":"<p>9[vc_row][vc_column][vc_column_text]Comune di Tradate, foglio 11, mapp. 6707, sub. 1<\/p>\n<p>&nbsp;<\/p>\n<p>Industriehalle, Werkst\u00e4tten, B\u00fcros und Zusatzr\u00e4ume mit insgesamt ca. 2.750 m\u00b2<\/p>\n<p>Gro\u00dfer Hofraum[\/vc_column_text][\/vc_column][\/vc_row][vc_row el_class=&#8220;hyi_property_block&#8220;][vc_column width=&#8220;3\/4&#8243;][vc_column_text el_class=&#8220;hyi_property_title&#8220;]<\/p>\n<h2><a href=\"https:\/\/www.hypoimmobili.it\/wp-content\/uploads\/2021\/01\/catasto-dei-fabbricati-planimetria-Capannone-in-vendita-Tradate.pdf\" class=\"pdfemb-viewer\" style=\"\" data-width=\"max\" data-height=\"max\" data-mobile-width=\"500\"  data-scrollbar=\"none\" data-download=\"on\" data-tracking=\"on\" data-newwindow=\"on\" data-pagetextbox=\"off\" data-scrolltotop=\"off\" data-startzoom=\"100\" data-startfpzoom=\"100\" data-toolbar=\"bottom\" data-toolbar-fixed=\"off\">catasto-dei-fabbricati-planimetria-Capannone-in-vendita-Tradate<br\/><\/a><\/h2>\n<p>[\/vc_column_text][\/vc_column][vc_column width=&#8220;1\/4&#8243;][\/vc_column][\/vc_row]<\/p>\n","protected":false},"excerpt":{"rendered":"<p>9[vc_row][vc_column][vc_column_text]Comune di Tradate, foglio 11, mapp. 6707, sub. 1 &nbsp; Industriehalle, Werkst\u00e4tten, B\u00fcros und Zusatzr\u00e4ume mit insgesamt ca. 2.750 m\u00b2 Gro\u00dfer Hofraum[\/vc_column_text][\/vc_column][\/vc_row][vc_row el_class=&#8220;hyi_property_block&#8220;][vc_column width=&#8220;3\/4&#8243;][vc_column_text el_class=&#8220;hyi_property_title&#8220;] [\/vc_column_text][\/vc_column][vc_column width=&#8220;1\/4&#8243;][\/vc_column][\/vc_row]<\/p>\n","protected":false},"author":2,"featured_media":23365,"parent":0,"menu_order":0,"template":"","property_type":[146],"property_status":[149],"property_feature":[],"property_label":[],"property_country":[],"property_state":[195],"property_city":[395],"property_area":[190],"property_meta":{"_wpml_word_count":["{\"total\":0,\"to_translate\":{\"de\":47,\"it\":47}}"],"_wp_page_template":["default"],"_wpml_media_featured":["1"],"_wpml_media_duplicate":["1"],"_yoast_wpseo_content_score":["60"],"fave_property_map":["1"],"fave_property_map_address":["Via Sabotino, 10"],"fave_property_location":["45.7011985,8.9160682,15"],"houzez_geolocation_lat":["45.7011985"],"houzez_geolocation_long":["8.9160682"],"fave_property_map_street_view":["hide"],"fave_property_address":["Via Sabotino 10 \/ Via Pasubio 3"],"fave_property_zip":["21049"],"fave_featured":["0"],"fave_loggedintoview":["0"],"fave_agent_display_option":["agency_info"],"fave_agents":["-1"],"fave_single_top_area":["global"],"fave_single_content_area":["global"],"houzez_manual_expire":["0"],"_houzez_expiration_date_status":["saved"],"fave_energy_class":["ND"],"_yoast_wpseo_primary_property_type":["116"],"_yoast_wpseo_primary_property_status":["30"],"_yoast_wpseo_primary_property_feature":["84"],"_yoast_wpseo_primary_property_state":["103"],"_yoast_wpseo_primary_property_city":["209"],"_yoast_wpseo_primary_property_area":["127"],"houzez_total_property_views":["218"],"houzez_views_by_date":["a:61:{s:10:\"05-05-2025\";i:1;s:10:\"05-09-2025\";i:7;s:10:\"05-15-2025\";i:1;s:10:\"05-20-2025\";i:1;s:10:\"05-27-2025\";i:1;s:10:\"06-02-2025\";i:1;s:10:\"06-03-2025\";i:1;s:10:\"06-14-2025\";i:1;s:10:\"06-18-2025\";i:1;s:10:\"06-19-2025\";i:1;s:10:\"06-25-2025\";i:1;s:10:\"06-28-2025\";i:1;s:10:\"06-29-2025\";i:1;s:10:\"07-07-2025\";i:1;s:10:\"07-15-2025\";i:1;s:10:\"07-18-2025\";i:1;s:10:\"07-22-2025\";i:1;s:10:\"07-24-2025\";i:1;s:10:\"07-27-2025\";i:1;s:10:\"07-29-2025\";i:1;s:10:\"08-05-2025\";i:1;s:10:\"08-08-2025\";i:1;s:10:\"08-19-2025\";i:1;s:10:\"08-31-2025\";i:1;s:10:\"09-06-2025\";i:1;s:10:\"09-15-2025\";i:1;s:10:\"09-16-2025\";i:1;s:10:\"09-26-2025\";i:1;s:10:\"09-29-2025\";i:2;s:10:\"10-02-2025\";i:2;s:10:\"10-03-2025\";i:2;s:10:\"10-09-2025\";i:1;s:10:\"10-11-2025\";i:1;s:10:\"10-18-2025\";i:1;s:10:\"10-22-2025\";i:2;s:10:\"10-30-2025\";i:1;s:10:\"10-31-2025\";i:1;s:10:\"11-06-2025\";i:1;s:10:\"11-16-2025\";i:1;s:10:\"11-22-2025\";i:1;s:10:\"11-28-2025\";i:1;s:10:\"11-29-2025\";i:1;s:10:\"12-06-2025\";i:1;s:10:\"12-17-2025\";i:1;s:10:\"12-19-2025\";i:1;s:10:\"12-24-2025\";i:1;s:10:\"01-08-2026\";i:1;s:10:\"01-13-2026\";i:2;s:10:\"01-16-2026\";i:1;s:10:\"01-20-2026\";i:1;s:10:\"01-22-2026\";i:1;s:10:\"01-25-2026\";i:1;s:10:\"02-09-2026\";i:2;s:10:\"02-18-2026\";i:2;s:10:\"04-02-2026\";i:1;s:10:\"04-07-2026\";i:1;s:10:\"04-15-2026\";i:1;s:10:\"04-18-2026\";i:1;s:10:\"04-30-2026\";i:1;s:10:\"05-01-2026\";i:1;s:10:\"05-03-2026\";i:3;}"],"houzez_recently_viewed":["2026-05-03 16:27:07"],"_yoast_wpseo_estimated-reading-time-minutes":["1"],"essb_post_og_desc":["Hypo Vorarlberg Immo Italia verkauft Industriehalle in Tradate, VA, Lombardei"],"essb_post_og_title":["Industriehalle zu verkaufen in Tradate"],"_yoast_wpseo_metadesc":["Hypo Vorarlberg Immo Italia verkauft Industriehalle in Tradate, VA, Lombardei"],"_thumbnail_id":["23365"],"_edit_lock":["1659429228:2"],"essb_cached_image":["https:\/\/www.hypoimmobili.it\/wp-content\/uploads\/2021\/01\/Capannne-in-vendita-Tradate-VA-Lombardia-Hypo-Vorarlberg-Immo-Italia-vista-aerea.png"],"_edit_last":["2"],"rs_page_bg_color":[""],"_wpb_vc_js_status":["true"],"_alp_processed":["1659428871"],"_last_translation_edit_mode":["native-editor"],"fave_property_images":["18734","18736","18738","18740","18742","23365"],"_wpml_media_has_media":["1"],"fave_property_agency":["2788"],"fave_prop_homeslider":["no"]},"yoast_head":"<!-- This site is optimized with the Yoast SEO plugin v16.2 - https:\/\/yoast.com\/wordpress\/plugins\/seo\/ -->\n<title>Industriehalle zu verkaufen in Tradate (VA)<\/title>\n<meta name=\"description\" content=\"Hypo Vorarlberg Immo Italia verkauft Industriehalle in Tradate, VA, Lombardei\" \/>\n<meta name=\"robots\" content=\"index, follow, max-snippet:-1, max-image-preview:large, max-video-preview:-1\" \/>\n<link rel=\"canonical\" href=\"https:\/\/www.hypoimmobili.it\/de\/immobili\/industriehalle-zu-verkaufen-in-tradate-2\/\" \/>\n<meta name=\"twitter:label1\" content=\"Gesch\u00e4tzte Lesezeit\">\n\t<meta name=\"twitter:data1\" content=\"1\u00a0Minute\">\n<script type=\"application\/ld+json\" class=\"yoast-schema-graph\">{\"@context\":\"https:\/\/schema.org\",\"@graph\":[{\"@type\":\"Organization\",\"@id\":\"https:\/\/www.hypoimmobili.it\/#organization\",\"name\":\"Hypo Vorarlberg Immo Italia\",\"url\":\"https:\/\/www.hypoimmobili.it\/\",\"sameAs\":[\"https:\/\/www.facebook.com\/Hypo-Vorarlberg-Immo-Italia-Srl-581242719214415\",\"https:\/\/www.instagram.com\/hypovorarlbergimmo\/\"],\"logo\":{\"@type\":\"ImageObject\",\"@id\":\"https:\/\/www.hypoimmobili.it\/#logo\",\"inLanguage\":\"de\",\"url\":\"https:\/\/www.hypoimmobili.it\/wp-content\/uploads\/2020\/12\/hypo-vorarlberg-immo-italia-logo-retina.png\",\"contentUrl\":\"https:\/\/www.hypoimmobili.it\/wp-content\/uploads\/2020\/12\/hypo-vorarlberg-immo-italia-logo-retina.png\",\"width\":416,\"height\":240,\"caption\":\"Hypo Vorarlberg Immo Italia\"},\"image\":{\"@id\":\"https:\/\/www.hypoimmobili.it\/#logo\"}},{\"@type\":\"WebSite\",\"@id\":\"https:\/\/www.hypoimmobili.it\/#website\",\"url\":\"https:\/\/www.hypoimmobili.it\/\",\"name\":\"Hypo Vorarlberg Immo Italia\",\"description\":\"\",\"publisher\":{\"@id\":\"https:\/\/www.hypoimmobili.it\/#organization\"},\"potentialAction\":[{\"@type\":\"SearchAction\",\"target\":\"https:\/\/www.hypoimmobili.it\/?s={search_term_string}\",\"query-input\":\"required name=search_term_string\"}],\"inLanguage\":\"de\"},{\"@type\":\"ImageObject\",\"@id\":\"https:\/\/www.hypoimmobili.it\/de\/immobili\/industriehalle-zu-verkaufen-in-tradate-2\/#primaryimage\",\"inLanguage\":\"de\",\"url\":\"https:\/\/www.hypoimmobili.it\/wp-content\/uploads\/2021\/01\/Capannne-in-vendita-Tradate-VA-Lombardia-Hypo-Vorarlberg-Immo-Italia-vista-aerea.png\",\"contentUrl\":\"https:\/\/www.hypoimmobili.it\/wp-content\/uploads\/2021\/01\/Capannne-in-vendita-Tradate-VA-Lombardia-Hypo-Vorarlberg-Immo-Italia-vista-aerea.png\",\"width\":1280,\"height\":720},{\"@type\":\"WebPage\",\"@id\":\"https:\/\/www.hypoimmobili.it\/de\/immobili\/industriehalle-zu-verkaufen-in-tradate-2\/#webpage\",\"url\":\"https:\/\/www.hypoimmobili.it\/de\/immobili\/industriehalle-zu-verkaufen-in-tradate-2\/\",\"name\":\"Industriehalle zu verkaufen in Tradate (VA)\",\"isPartOf\":{\"@id\":\"https:\/\/www.hypoimmobili.it\/#website\"},\"primaryImageOfPage\":{\"@id\":\"https:\/\/www.hypoimmobili.it\/de\/immobili\/industriehalle-zu-verkaufen-in-tradate-2\/#primaryimage\"},\"datePublished\":\"2021-01-19T11:58:12+00:00\",\"dateModified\":\"2022-08-02T08:27:51+00:00\",\"description\":\"Hypo Vorarlberg Immo Italia verkauft Industriehalle in Tradate, VA, Lombardei\",\"breadcrumb\":{\"@id\":\"https:\/\/www.hypoimmobili.it\/de\/immobili\/industriehalle-zu-verkaufen-in-tradate-2\/#breadcrumb\"},\"inLanguage\":\"de\",\"potentialAction\":[{\"@type\":\"ReadAction\",\"target\":[\"https:\/\/www.hypoimmobili.it\/de\/immobili\/industriehalle-zu-verkaufen-in-tradate-2\/\"]}]},{\"@type\":\"BreadcrumbList\",\"@id\":\"https:\/\/www.hypoimmobili.it\/de\/immobili\/industriehalle-zu-verkaufen-in-tradate-2\/#breadcrumb\",\"itemListElement\":[{\"@type\":\"ListItem\",\"position\":1,\"item\":{\"@type\":\"WebPage\",\"@id\":\"https:\/\/www.hypoimmobili.it\/de\/\",\"url\":\"https:\/\/www.hypoimmobili.it\/de\/\",\"name\":\"Home\"}},{\"@type\":\"ListItem\",\"position\":2,\"item\":{\"@type\":\"WebPage\",\"@id\":\"https:\/\/www.hypoimmobili.it\/de\/immobili\/\",\"url\":\"https:\/\/www.hypoimmobili.it\/de\/immobili\/\",\"name\":\"Immobilien\"}},{\"@type\":\"ListItem\",\"position\":3,\"item\":{\"@id\":\"https:\/\/www.hypoimmobili.it\/de\/immobili\/industriehalle-zu-verkaufen-in-tradate-2\/#webpage\"}}]}]}<\/script>\n<!-- \/ Yoast SEO plugin. -->","_links":{"self":[{"href":"https:\/\/www.hypoimmobili.it\/de\/wp-json\/wp\/v2\/immobilien\/22416"}],"collection":[{"href":"https:\/\/www.hypoimmobili.it\/de\/wp-json\/wp\/v2\/immobilien"}],"about":[{"href":"https:\/\/www.hypoimmobili.it\/de\/wp-json\/wp\/v2\/types\/property"}],"author":[{"embeddable":true,"href":"https:\/\/www.hypoimmobili.it\/de\/wp-json\/wp\/v2\/users\/2"}],"version-history":[{"count":2,"href":"https:\/\/www.hypoimmobili.it\/de\/wp-json\/wp\/v2\/immobilien\/22416\/revisions"}],"predecessor-version":[{"id":23367,"href":"https:\/\/www.hypoimmobili.it\/de\/wp-json\/wp\/v2\/immobilien\/22416\/revisions\/23367"}],"wp:featuredmedia":[{"embeddable":true,"href":"https:\/\/www.hypoimmobili.it\/de\/wp-json\/wp\/v2\/media\/23365"}],"wp:attachment":[{"href":"https:\/\/www.hypoimmobili.it\/de\/wp-json\/wp\/v2\/media?parent=22416"}],"wp:term":[{"taxonomy":"property_type","embeddable":true,"href":"https:\/\/www.hypoimmobili.it\/de\/wp-json\/wp\/v2\/property_type?post=22416"},{"taxonomy":"property_status","embeddable":true,"href":"https:\/\/www.hypoimmobili.it\/de\/wp-json\/wp\/v2\/property_status?post=22416"},{"taxonomy":"property_feature","embeddable":true,"href":"https:\/\/www.hypoimmobili.it\/de\/wp-json\/wp\/v2\/property_feature?post=22416"},{"taxonomy":"property_label","embeddable":true,"href":"https:\/\/www.hypoimmobili.it\/de\/wp-json\/wp\/v2\/property_label?post=22416"},{"taxonomy":"property_country","embeddable":true,"href":"https:\/\/www.hypoimmobili.it\/de\/wp-json\/wp\/v2\/property_country?post=22416"},{"taxonomy":"property_state","embeddable":true,"href":"https:\/\/www.hypoimmobili.it\/de\/wp-json\/wp\/v2\/property_state?post=22416"},{"taxonomy":"property_city","embeddable":true,"href":"https:\/\/www.hypoimmobili.it\/de\/wp-json\/wp\/v2\/property_city?post=22416"},{"taxonomy":"property_area","embeddable":true,"href":"https:\/\/www.hypoimmobili.it\/de\/wp-json\/wp\/v2\/property_area?post=22416"}],"curies":[{"name":"wp","href":"https:\/\/api.w.org\/{rel}","templated":true}]}}

<p>9[vc_row][vc_column][vc_column_text]Comune di Tradate, foglio 11, mapp. 6707, sub. 1</p>
<p>&nbsp;</p>
<p>Industriehalle, Werkstätten, Büros und Zusatzräume mit insgesamt ca. 2.750 m²</p>
<p>Großer Hofraum[/vc_column_text][/vc_column][/vc_row][vc_row el_class=&#8220;hyi_property_block&#8220;][vc_column width=&#8220;3/4&#8243;][vc_column_text el_class=&#8220;hyi_property_title&#8220;]</p>
<h2><a href="https://www.hypoimmobili.it/wp-content/uploads/2021/01/catasto-dei-fabbricati-planimetria-Capannone-in-vendita-Tradate.pdf" class="pdfemb-viewer" style="" data-width="max" data-height="max" data-mobile-width="500"  data-scrollbar="none" data-download="on" data-tracking="on" data-newwindow="on" data-pagetextbox="off" data-scrolltotop="off" data-startzoom="100" data-startfpzoom="100" data-toolbar="bottom" data-toolbar-fixed="off">catasto-dei-fabbricati-planimetria-Capannone-in-vendita-Tradate<br/></a></h2>
<p>[/vc_column_text][/vc_column][vc_column width=&#8220;1/4&#8243;][/vc_column][/vc_row]</p>

<p>9[vc_row][vc_column][vc_column_text]Comune di Tradate, foglio 11, mapp. 6707, sub. 1 &nbsp; Industriehalle, Werkstätten, Büros und Zusatzräume mit insgesamt ca. 2.750 m² Großer Hofraum[/vc_column_text][/vc_column][/vc_row][vc_row el_class=&#8220;hyi_property_block&#8220;][vc_column width=&#8220;3/4&#8243;][vc_column_text el_class=&#8220;hyi_property_title&#8220;] [/vc_column_text][/vc_column][vc_column width=&#8220;1/4&#8243;][/vc_column][/vc_row]</p>

<!-- This site is optimized with the Yoast SEO plugin v16.2 - https://yoast.com/wordpress/plugins/seo/ -->
<title>Industriehalle zu verkaufen in Tradate (VA)</title>
<meta name="description" content="Hypo Vorarlberg Immo Italia verkauft Industriehalle in Tradate, VA, Lombardei" />
<meta name="robots" content="index, follow, max-snippet:-1, max-image-preview:large, max-video-preview:-1" />
<link rel="canonical" href="https://www.hypoimmobili.it/de/immobili/industriehalle-zu-verkaufen-in-tradate-2/" />
<meta name="twitter:label1" content="Geschätzte Lesezeit">
	<meta name="twitter:data1" content="1 Minute">
<script type="application/ld+json" class="yoast-schema-graph">{"@context":"https://schema.org","@graph":[{"@type":"Organization","@id":"https://www.hypoimmobili.it/#organization","name":"Hypo Vorarlberg Immo Italia","url":"https://www.hypoimmobili.it/","sameAs":["https://www.facebook.com/Hypo-Vorarlberg-Immo-Italia-Srl-581242719214415","https://www.instagram.com/hypovorarlbergimmo/"],"logo":{"@type":"ImageObject","@id":"https://www.hypoimmobili.it/#logo","inLanguage":"de","url":"https://www.hypoimmobili.it/wp-content/uploads/2020/12/hypo-vorarlberg-immo-italia-logo-retina.png","contentUrl":"https://www.hypoimmobili.it/wp-content/uploads/2020/12/hypo-vorarlberg-immo-italia-logo-retina.png","width":416,"height":240,"caption":"Hypo Vorarlberg Immo Italia"},"image":{"@id":"https://www.hypoimmobili.it/#logo"}},{"@type":"WebSite","@id":"https://www.hypoimmobili.it/#website","url":"https://www.hypoimmobili.it/","name":"Hypo Vorarlberg Immo Italia","description":"","publisher":{"@id":"https://www.hypoimmobili.it/#organization"},"potentialAction":[{"@type":"SearchAction","target":"https://www.hypoimmobili.it/?s={search_term_string}","query-input":"required name=search_term_string"}],"inLanguage":"de"},{"@type":"ImageObject","@id":"https://www.hypoimmobili.it/de/immobili/industriehalle-zu-verkaufen-in-tradate-2/#primaryimage","inLanguage":"de","url":"https://www.hypoimmobili.it/wp-content/uploads/2021/01/Capannne-in-vendita-Tradate-VA-Lombardia-Hypo-Vorarlberg-Immo-Italia-vista-aerea.png","contentUrl":"https://www.hypoimmobili.it/wp-content/uploads/2021/01/Capannne-in-vendita-Tradate-VA-Lombardia-Hypo-Vorarlberg-Immo-Italia-vista-aerea.png","width":1280,"height":720},{"@type":"WebPage","@id":"https://www.hypoimmobili.it/de/immobili/industriehalle-zu-verkaufen-in-tradate-2/#webpage","url":"https://www.hypoimmobili.it/de/immobili/industriehalle-zu-verkaufen-in-tradate-2/","name":"Industriehalle zu verkaufen in Tradate (VA)","isPartOf":{"@id":"https://www.hypoimmobili.it/#website"},"primaryImageOfPage":{"@id":"https://www.hypoimmobili.it/de/immobili/industriehalle-zu-verkaufen-in-tradate-2/#primaryimage"},"datePublished":"2021-01-19T11:58:12+00:00","dateModified":"2022-08-02T08:27:51+00:00","description":"Hypo Vorarlberg Immo Italia verkauft Industriehalle in Tradate, VA, Lombardei","breadcrumb":{"@id":"https://www.hypoimmobili.it/de/immobili/industriehalle-zu-verkaufen-in-tradate-2/#breadcrumb"},"inLanguage":"de","potentialAction":[{"@type":"ReadAction","target":["https://www.hypoimmobili.it/de/immobili/industriehalle-zu-verkaufen-in-tradate-2/"]}]},{"@type":"BreadcrumbList","@id":"https://www.hypoimmobili.it/de/immobili/industriehalle-zu-verkaufen-in-tradate-2/#breadcrumb","itemListElement":[{"@type":"ListItem","position":1,"item":{"@type":"WebPage","@id":"https://www.hypoimmobili.it/de/","url":"https://www.hypoimmobili.it/de/","name":"Home"}},{"@type":"ListItem","position":2,"item":{"@type":"WebPage","@id":"https://www.hypoimmobili.it/de/immobili/","url":"https://www.hypoimmobili.it/de/immobili/","name":"Immobilien"}},{"@type":"ListItem","position":3,"item":{"@id":"https://www.hypoimmobili.it/de/immobili/industriehalle-zu-verkaufen-in-tradate-2/#webpage"}}]}]}</script>
<!-- / Yoast SEO plugin. -->
